9 = -o. What is the remainder when j(2) is divided by o/2*10/(-1)?
12
Let s(n) = -n**3 + 7*n**2 + 10*n - 12. Let q be (2 - -2)*2/1. Calculate the remainder when 6 is divided by s(q).
2
Suppose -46 = 5*r + 3*k, -3 - 4 = 2*r + 5*k. Let x = -1 - r. Calculate the remainder when x is divided by 4.
2
Suppose -3*o - 4*c = -4*o + 54, -3*c + 293 = 5*o. Calculate the remainder when o is divided by 20*(1 - 0 - 0).
18
Suppose -2*c - c + 90 = 0. What is the remainder when c is divided by (-1 + 6/(-2))*-2?
6
Suppose 0 = -3*v - c - 52 + 255, 0 = 4*v - c - 259. What is the remainder when v is divided by 34?
32
Let k(u) = 5*u**2 + 4*u + 7. Let z be k(6). Suppose z + 56 = 3*d. What is the remainder when d is divided by 23?
20
Suppose 74 = -4*m + 2*m. Let t = -17 - m. Calculate the remainder when 59 is divided by t.
19
Suppose -2*o = 33 + 61. Let g = o + 71. What is the remainder when g is divided by 13?
11
Suppose -2*d - 15 + 81 = 0. Calculate the remainder when d is divided by 9.
6
Let z(g) = 10*g**2 + 1. Let c be 9/6*(-4)/(-3). Suppose 5*i = -5*u, -c*i - 7 = 1. What is the remainder when z(-1) is divided by u?
3
Calculate the remainder when (-2*3)/(-3) - -42 is divided by 23.
21
Suppose 6*m = 3*m - 3*t + 102, -t - 4 = 0. Let b(q) = q**2 - q - 2. Let w be b(3). Calculate the remainder when m is divided by w/3*45/6.
8
Suppose 0*k - 3*k = 15. What is the remainder when (14/k)/(-1)*10 is divided by 10?
8
Let a be (-1)/2*648/(-12). Let w = -18 + a. Calculate the remainder when 35 is divided by w.
8
Suppose -13 = -s + 67. Suppose -s = -10*k + 6*k. Calculate the remainder when k is divided by 2/8 + (-43)/(-4).
9
Calculate the remainder when 36 is divided by (6 - 2) + -2 + 11.
10
Let l = 4 - -4. Let c = l + -5. Calculate the remainder when -2 - (-10)/4*4 is divided by c.
2
Suppose d = -5*r + 7, 7*d - 85 = 4*d + r. Calculate the remainder when d is divided by (0 - -14)/(-5 - -6).
13
Suppose 4*g + 538 = -5*u, 2 = g - 1. Let d(y) = -2*y + 2. Calculate the remainder when d(-6) is divided by 6/10 + u/(-25).
4
Let o = 14 - -74. What is the remainder when o is divided by 15?
13
Let h = -25 - -43. What is the remainder when 71 is divided by h?
17
Let k(m) = -2*m - 8. What is the remainder when 35 is divided by k(-10)?
11
Suppose 2*t = -v + 7*t + 34, 0 = -2*v - 2*t + 68. Let o = 396 + -378. What is the remainder when v is divided by o?
16
Suppose h = -2*m + 96, 0*h + 188 = 4*m + h. What is the remainder when m is divided by 12?
10
Suppose 0*c + 4*c - 32 = -2*v, 25 = 5*v - c. Let h be (-5 + v)*(-14 + -1). What is the remainder when 27 is divided by 4/(-8) + h/(-2)?
6
Let g = 39 + -7. Let n be (-1)/(0 - 1) + 3. Suppose 3*p - 37 = -n*l, 3*l + 8 = -p + 2*p. What is the remainder when g is divided by p?
10
Suppose 0 = -b - 2*b + 15. Calculate the remainder when 16 is divided by b.
1
Let s(q) = -q**3 - q**2 + 4*q - 1. Calculate the remainder when s(-5) is divided by 16.
15
Let d be 290/15 - 4/(-6). Let h = 0 + 7. Calculate the remainder when h is divided by 6/15*d/2.
3
What is the remainder when 157 is divided by 1*(-2 - 0)*(-5 + -5)?
17
Let m be (4/6)/((-4)/12). Calculate the remainder when (2 + -77)*4/(-6) is divided by m*(2 - 42/4).
16
Let m(r) = -r**2 + 9*r - 4. Let w(l) = -4*l + 28. Calculate the remainder when m(6) is divided by w(5).
6
Let t(l) = 44*l**2 - l + 3. Calculate the remainder when 91 is divided by t(1).
45
Suppose w = 4*u + 26, 0 = 4*w + w - 4*u - 50. What is the remainder when w is divided by 4?
2
Suppose -14 - 1 = -3*t. Suppose -29 + t = k. Let c = k - -47. What is the remainder when c is divided by 8?
7
Let y = -21 + 49. Calculate the remainder when y is divided by 10.
8
Let f(o) = 3*o**3 - o**2 - 5*o + 3. Let x = -14 - -21. What is the remainder when f(2) is divided by x?
6
Let k(w) = -1 - 2*w**3 - 2*w - 2*w**2 + 4*w + 6*w**3. What is the remainder when 10 is divided by k(1)?
1
Suppose 0 = -21*p + 22*p - 3. Calculate the remainder when 6 is divided by p.
0
Let a(u) be the third derivative of -u**5/60 - u**4/2 - 7*u**3/6 - 2*u**2. What is the remainder when 15 is divided by a(-11)?
3
Let y = 62 + -25. What is the remainder when 145 is divided by y?
34
Let m = -19 + 36. Suppose 2*i - m = 59. What is the remainder when i is divided by 13?
12
Suppose 3*d - d + 8 = 0. Let a = d - -4. Let j = a + 2. Calculate the remainder when 5 is divided by j.
1
Let r(m) = m**2 - 11*m + 25. Calculate the remainder when 62 is divided by r(9).
6
Suppose 4*d + 4*b - 243 = 1, -d - 2*b + 66 = 0. What is the remainder when d is divided by 19?
18
Let v(x) = 3*x**2 - 3*x + 2. Suppose 14*s = 17*s - 69. Calculate the remainder when s is divided by v(2).
7
Suppose -i + 5*i - 2 = -b, 4*b + 2*i - 36 = 0. What is the remainder when (-56)/(1/(-2*(-1)/(-4))) is divided by b?
8
Let v(c) = -36*c - 6. Let s(b) = b**2 - 5*b - 2. Let m be s(5). What is the remainder when v(m) is divided by 23?
20
Let l(y) = -24*y. Suppose -a + 40 - 21 = 0. What is the remainder when l(-3) is divided by a?
15
Let w(f) be the first derivative of 4*f**2 - f - 1. Let u be w(2). Let s = u - 10. What is the remainder when 9 is divided by s?
4
Let v be -1*2 + 3 + 0. What is the remainder when (4/12)/(v/69) is divided by ((-1)/2)/((-4)/104)?
10
Suppose 0*t = 5*a + 5*t + 240, 86 = -2*a - 4*t. Let s = 85 + a. What is the remainder when s is divided by 11?
10
Suppose 4*w + w = 25, 0 = j + 3*w - 71. Calculate the remainder when j is divided by (-59 + 2)*(-1)/3.
18
Let x = -1 - -7. What is the remainder when 29 is divided by x?
5
Let n = -4 - -6. Suppose n*q = 3*q - 13. What is the remainder when q is divided by 5?
3
Suppose -6*q = -2*q - 224. Calculate the remainder when q is divided by 19.
18
What is the remainder when 86 is divided by 3/(-2)*-1*(13 - 1)?
14
Let x = 222 - 91. Calculate the remainder when x is divided by 19.
17
Let u = -9 - -13. Calculate the remainder when 64/3*(-24)/(-16) is divided by (0 - (-2)/u)*22.
10
Let y = 158 - 106. Suppose -5*t + 8 = -y. Calculate the remainder when t is divided by 5.
2
Let m = 37 + -26. Let s(k) = 5*k**3 - k**2 + 2*k - 1. Let v be s(1). Suppose -2 = v*j - 107. What is the remainder when j is divided by m?
10
Let q(r) = -r**2 - 6*r - 1. What is the remainder when q(-5) is divided by 2?
0
Suppose -3*a = y - 24, 3*a - 25 - 11 = 3*y. Let u(z) = -z**3 - 2*z**2. Calculate the remainder when u(-4) is divided by a.
5
What is the remainder when 38 is divided by (-621)/(-36) - 3/(-4)?
2
Let x(q) = -1 + 3*q + q**2 + 2 + 2*q. What is the remainder when 2 is divided by x(-5)?
0
Suppose 10*x - 23 = 177. What is the remainder when 138 is divided by x?
18
Let t(u) = -3*u**3 + 2*u**2 + 2*u + 1. Calculate the remainder when 18 is divided by t(-1).
2
Let v = 232 + -331. What is the remainder when 3 is divided by 4/(-7) + v/(-63)?
0
Suppose 0 = 4*k + 3*g - 321, k + 3*g = -31 + 100. Calculate the remainder when k is divided by 17.
16
Suppose -u = -g - 6, -3*g - 37 = -4*u - 16. Let n(k) = -8*k + 1. What is the remainder when n(-1) is divided by u?
0
What is the remainder when 179 is divided by (8/(-16))/((-1)/72)?
35
Let o(n) = n**3 + 3*n**2 - 2*n + 2. Calculate the remainder when 29 is divided by o(-3).
5
Let j be (408/9)/((-2)/(-6)). Let n = 195 - j. What is the remainder when n is divided by 20?
19
Suppose 0 = -0*b - b + 2. Suppose 4*t = b*m + 3*t - 28, 4*m = -5*t + 70. What is the remainder when m is divided by 9?
6
Let z(y) = 2*y**2 + 4*y + 7. What is the remainder when z(-11) is divided by 52?
49
Suppose 7*u = 16*u - 243. What is the remainder when 104 is divided by u?
23
Suppose -2*d + 4*b = -8, -d - 3*b + b + 8 = 0. Let h = d + -4. Suppose 4*k = h*k + 42. Calculate the remainder when 62 is divided by k.
20
Suppose n = 2*r - 64, -5*n + 2 + 120 = 3*r. What is the remainder when r is divided by -30*(13/(-65))/(2/6)?
16
Let v = 44 - -8. Calculate the remainder when v is divided by 20.
12
Let g be 1040/35 - 4/(-14). Suppose 10*k - g = -5*w + 5*k, 2*w = 2*k. Suppose -3*l - 5*d - 22 = 0, -d - 25 = 4*d. What is the remainder when w is divided by l?
0
Let k(g) = 12*g. Let w be k(1). Suppose -w = -5*j + 8. Let i(z) = -z + 1. Calculate the remainder when j is divided by i(-1).
0
Let h = 2 - -3. Calculate the remainder when 14 is divided by h.
4
Let l be (1 - 0)*(-54)/3. Let q = -11 - l. Let u(k) = 4*k -